common factor of 52 and 92.
4
Calculate the highest common divisor of 24 and 2034.
6
What is the greatest common factor of 231 and 189?
21
What is the greatest common divisor of 160 and 610?
10
What is the highest common factor of 2094 and 18?
6
Calculate the highest common factor of 287 and 164.
41
What is the highest common divisor of 460 and 1160?
20
What is the greatest common factor of 333 and 1073?
37
Calculate the highest common divisor of 483 and 609.
21
What is the greatest common factor of 670 and 402?
134
Calculate the highest common factor of 44 and 143.
11
Calculate the greatest common divisor of 4891 and 73.
73
What is the greatest common factor of 2564 and 20?
4
Calculate the greatest common divisor of 11 and 22.
11
What is the greatest common factor of 99 and 11?
11
Calculate the greatest common factor of 53 and 3.
1
Calculate the highest common divisor of 11319 and 196.
49
Calculate the greatest common divisor of 8 and 456.
8
What is the greatest common factor of 4336 and 48?
16
What is the highest common factor of 492 and 1722?
246
Calculate the greatest common divisor of 273 and 4550.
91
Calculate the greatest common divisor of 116 and 4.
4
Calculate the greatest common factor of 11 and 121.
11
What is the greatest common divisor of 112 and 392?
56
What is the greatest common factor of 4761 and 27?
9
What is the greatest common divisor of 203 and 7511?
203
Calculate the greatest common factor of 184 and 472.
8
What is the greatest common factor of 4810 and 195?
65
Calculate the greatest common factor of 8 and 23096.
8
What is the highest common factor of 192 and 1472?
64
What is the highest common divisor of 775 and 558?
31
Calculate the highest common divisor of 45 and 840.
15
What is the highest common factor of 5013 and 9?
9
Calculate the highest common divisor of 81 and 18.
9
Calculate the highest common factor of 49 and 833.
49
Calculate the highest common factor of 2230 and 410.
10
What is the highest common factor of 11 and 143?
11
What is the greatest common divisor of 7728 and 2352?
336
Calculate the greatest common divisor of 24 and 112.
8
What is the highest common factor of 406 and 58?
58
What is the greatest common factor of 2286 and 18?
18
What is the highest common divisor of 66 and 96?
6
Calculate the greatest common divisor of 1981 and 7.
7
Calculate the greatest common factor of 315 and 150.
15
Calculate the greatest common factor of 16 and 800.
16
Calculate the greatest common factor of 15 and 4055.
5
What is the greatest common factor of 177 and 531?
177
Calculate the greatest common factor of 1479 and 1566.
87
What is the highest common divisor of 234 and 52?
26
What is the greatest common divisor of 372 and 7068?
372
What is the greatest common divisor of 66 and 5676?
66
Calculate the highest common divisor of 309 and 6.
3
Calculate the highest common factor of 559 and 86.
43
Calculate the highest common factor of 260 and 40.
20
What is the highest common factor of 564 and 168?
12
Calculate the greatest common divisor of 1577 and 3071.
83
Calculate the greatest common divisor of 556 and 973.
139
Calculate the highest common divisor of 195 and 1079.
13
What is the greatest common divisor of 26 and 11674?
26
Calculate the highest common divisor of 209 and 66.
11
Calculate the highest common divisor of 58 and 5974.
58
Calculate the highest common divisor of 472 and 2891.
59
What is the highest common divisor of 81 and 90?
9
What is the highest common divisor of 185 and 5?
5
Calculate the highest common divisor of 266 and 28.
14
Calculate the greatest common factor of 325 and 125.
25
Calculate the greatest common divisor of 108 and 48.
12
What is the greatest common factor of 322 and 3818?
46
Calculate the greatest common divisor of 41 and 2501.
41
What is the greatest common factor of 190 and 100?
10
Calculate the greatest common factor of 43 and 19178.
43
What is the highest common divisor of 680 and 85?
85
What is the greatest common divisor of 3048 and 96?
24
Calculate the highest common divisor of 2286 and 9.
9
What is the highest common factor of 2975 and 238?
119
Calculate the greatest common divisor of 184 and 664.
8
Calculate the greatest common factor of 312 and 3640.
104
Calculate the highest common divisor of 54 and 6831.
27
What is the greatest common divisor of 906 and 81?
3
Calculate the highest common divisor of 56 and 3122.
14
What is the highest common divisor of 1793 and 11?
11
Calculate the highest common divisor of 34 and 2414.
34
What is the highest common factor of 38 and 2546?
38
Calculate the greatest common factor of 4352 and 306.
34
Calculate the highest common factor of 322 and 46.
46
Calculate the highest common divisor of 93 and 4960.
31
Calculate the greatest common divisor of 5871 and 19.
19
What is the greatest common divisor of 3010 and 140?
70
Calculate the highest common factor of 24069 and 639.
213
What is the greatest common divisor of 182 and 1183?
91
Calculate the greatest common divisor of 38 and 2.
2
What is the highest common divisor of 1350 and 250?
50
What is the greatest common factor of 1 and 764?
1
What is the highest common factor of 504 and 18?
18
What is the highest common factor of 83 and 664?
83
What is the greatest common divisor of 42 and 280?
14
What is the highest common factor of 614 and 34?
2
Calculate the greatest common divisor of 490 and 210.
70
What is the greatest common factor of 1 and 352?
1
Calculate the greatest common factor of 570 and 60.
30
Calculate the greatest common factor of 49 and 252.
7
Calculate the greatest common divisor of 36 and 876.
12
What is the greatest common factor of 39 and 767?
13
What is the greatest common divisor of 50 and 86?
2
What is the greatest common factor of 420 and 2240?
140
Calculate the greatest common divisor of 450 and 25.
25
What is the greatest common factor of 110 and 3575?
55
What is the greatest common divisor of 132 and 231?
33
What is the highest common factor of 4935 and 2415?
105
Calculate the highest common divisor of 156 and 1794.
78
What is the highest common divisor of 101 and 16059?
101
Calculate the greatest common factor of 78 and 786.
6
What is the highest common factor of 161 and 16583?
161
Calculate the greatest common factor of 2051 and 13185.
293
What is the highest common factor of 10 and 11590?
10
Calculate the greatest common factor of 2 and 27.
1
Calculate the greatest common factor of 276 and 12.
12
What is the highest common divisor of 159 and 318?
159
Calculate the highest common divisor of 267 and 46725.
267
Calculate the greatest common divisor of 418 and 76.
38
What is the highest common divisor of 1071 and 42?
21
What is the highest common factor of 27 and 135?
27
Calculate the highest common factor of 24 and 384.
24
What is the highest common divisor of 232 and 32248?
232
Calculate the greatest common divisor of 13746 and 6.
6
What is the highest common factor of 37 and 6697?
37
What is the greatest common factor of 27368 and 16?
8
What is the greatest common divisor of 54 and 792?
18
Calculate the greatest common factor of 18419 and 339.
113
Calculate the greatest common factor of 3575 and 5.
5
Calculate the highest common factor of 60 and 3840.
60
Calculate the highest common divisor of 15 and 12.
3
Calculate the greatest common factor of 240 and 948.
12
Calculate the greatest common factor of 150 and 570.
30
What is the greatest common divisor of 2294 and 74?
74
What is the greatest common divisor of 381 and 3?
3
What is the greatest common factor of 14950 and 897?
299
Calculate the highest common divisor of 1150 and 46.
46
What is the greatest common factor of 327 and 20710?
109
What is the highest common factor of 833 and 14?
7
Calculate the greatest common factor of 402 and 6298.
134
What is the highest common divisor of 12 and 798?
6
What is the greatest common factor of 621 and 1035?
207
What is the greatest common divisor of 13630 and 116?
58
Calculate the highest common divisor of 6928 and 16.
16
Calculate the highest common divisor of 49 and 182.
7
What is the highest common factor of 493 and 34?
17
What is the highest common factor of 6 and 534?
6
Calculate the highest common divisor of 62 and 124.
62
Calculate the greatest common divisor of 390 and 546